digit of 87042?
4
What is the thousands digit of 91037?
1
What is the units digit of 16898?
8
What is the thousands digit of 6218?
6
What is the units digit of 441?
1
What is the thousands digit of 12611?
2
What is the units digit of 1100?
0
What is the thousands digit of 8176?
8
What is the thousands digit of 36765?
6
What is the tens digit of 7416?
1
What is the units digit of 28690?
0
What is the hundreds digit of 395?
3
What is the ten thousands digit of 73689?
7
What is the hundreds digit of 11695?
6
What is the hundreds digit of 16471?
4
What is the hundreds digit of 28121?
1
What is the hundreds digit of 25484?
4
What is the thousands digit of 1061?
1
What is the thousands digit of 15154?
5
What is the thousands digit of 1820?
1
What is the hundreds digit of 4554?
5
What is the hundreds digit of 4525?
5
What is the tens digit of 1506?
0
What is the thousands digit of 1544?
1
What is the units digit of 5625?
5
What is the tens digit of 117?
1
What is the units digit of 2330?
0
What is the tens digit of 1547?
4
What is the units digit of 818?
8
What is the tens digit of 20684?
8
What is the units digit of 3515?
5
What is the units digit of 990?
0
What is the hundreds digit of 62496?
4
What is the units digit of 3760?
0
What is the units digit of 683?
3
What is the hundreds digit of 7768?
7
What is the hundreds digit of 440?
4
What is the hundreds digit of 794?
7
What is the hundred thousands digit of 154413?
1
What is the units digit of 2995?
5
What is the units digit of 768?
8
What is the tens digit of 476?
7
What is the units digit of 378?
8
What is the thousands digit of 9132?
9
What is the tens digit of 492?
9
What is the tens digit of 768?
6
What is the thousands digit of 22722?
2
What is the ten thousands digit of 40164?
4
What is the tens digit of 1029?
2
What is the units digit of 13692?
2
What is the units digit of 19046?
6
What is the hundreds digit of 3897?
8
What is the thousands digit of 10062?
0
What is the thousands digit of 29427?
9
What is the thousands digit of 4601?
4
What is the hundreds digit of 454?
4
What is the thousands digit of 1307?
1
What is the units digit of 42?
2
What is the units digit of 1956?
6
What is the thousands digit of 1643?
1
What is the thousands digit of 7258?
7
What is the hundreds digit of 348?
3
What is the thousands digit of 7738?
7
What is the thousands digit of 102492?
2
What is the hundreds digit of 1310?
3
What is the tens digit of 2304?
0
What is the thousands digit of 8659?
8
What is the hundreds digit of 1410?
4
What is the hundreds digit of 4150?
1
What is the hundreds digit of 2536?
5
What is the tens digit of 9422?
2
What is the hundreds digit of 1541?
5
What is the tens digit of 1173?
7
What is the thousands digit of 1713?
1
What is the units digit of 855?
5
What is the units digit of 666?
6
What is the tens digit of 2220?
2
What is the tens digit of 42925?
2
What is the hundreds digit of 7004?
0
What is the thousands digit of 26225?
6
What is the units digit of 1400?
0
What is the tens digit of 14745?
4
What is the hundreds digit of 19001?
0
What is the tens digit of 295?
9
What is the units digit of 659?
9
What is the tens digit of 4118?
1
What is the tens digit of 81465?
6
What is the hundreds digit of 1204?
2
What is the tens digit of 755?
5
What is the ten thousands digit of 22076?
2
What is the thousands digit of 34884?
4
What is the thousands digit of 117424?
7
What is the thousands digit of 4970?
4
What is the hundreds digit of 118?
1
What is the thousands digit of 22603?
2
What is the ten thousands digit of 35071?
3
What is the tens digit of 1424?
2
What is the ten thousands digit of 14069?
1
What is the hundreds digit of 27916?
9
What is the tens digit of 2784?
8
What is the units digit of 5723?
3
What is the tens digit of 3932?
3
What is the hundreds digit of 6982?
9
What is the units digit of 34760?
0
What is the units digit of 1080?
0
What is the units digit of 32636?
6
What is the hundreds digit of 6814?
8
What is the tens digit of 7338?
3
What is the hundreds digit of 59012?
0
What is the hundreds digit of 1968?
9
What is the hundreds digit of 82810?
8
What is the thousands digit of 41558?
1
What is the hundreds digit of 26218?
2
What is the ten thousands digit of 10816?
1
What is the ten thousands digit of 13952?
1
What is the tens digit of 687?
8
What is the hundreds digit of 4942?
9
What is the ten thousands digit of 31306?
3
What is the thousands digit of 42709?
2
What is the hundreds digit of 7975?
9
What is the thousands digit of 2406?
2
What is the thousands digit of 4256?
4
What is the hundreds digit of 3960?
9
What is the ten thousands digit of 139884?
3
What is the thousands digit of 8740?
8
What is the tens digit of 516?
1
What is the units digit of 2382?
2
What is the tens digit of 1272?
7
What is the units digit of 79614?
4
What is the thousands digit of 77387?
7
What is the tens digit of 305?
0
What is the ten thousands digit of 51723?
5
What is the tens digit of 6148?
4
What is the tens digit of 10020?
2
What is the tens digit of 3989?
8
What is the units digit of 257?
7
What is the tens digit of 4816?
1
What is the thousands digit of 1988?
1
What is the units digit of 492?
2
What is the thousands digit of 3465?
3
What is the units digit of 9240?
0
What is the hundreds digit of 618?
6
What is the hundreds digit of 32975?
9
What is the tens digit of 828?
2
What is the thousands digit of 2269?
2
What is the hundreds digit of 5031?
0
What is the hundreds digit of 55626?
6
What is the hundreds digit of 87762?
7
What is the hundreds digit of 10821?
8
What is the tens digit of 826?
2
What is the hundreds digit of 1575?
5
What is the hundreds digit of 50331?
3
What is the tens digit of 154?
5
What is the tens digit of 3713?
1
What is the hundreds digit of 9929?
9
What is the units digit of 10219?
9
What is the units digit of 834?
4
What is the hundred thousands digit of 113134?
1
What is the units digit of 50528?
8
What is the ten thousands digit of 57573?
5
What is the hundreds digit of 1071?
0
What is the thousands digit of 68663?
8
What is the units digit of 43974?
4
What is the tens digit of 2295?
9
What is the hundreds digit of 115501?
5
What is the units digit of 19622?
2
What is the hundreds digit of 4024?
0
What is the thousands digit of 1032?
1
What is the hundreds digit of 4128?
1
What is the hundreds digit of 9300?
3
What is the ten thousands digit of 51671?
5
What is the hundreds digit of 7951?
9
What is the tens digit of 934?
3
What is the units digit of 62458?
8
What is the hundred thousands digit of 149351?
1
What is the hundreds digit of 1732?
7
What is the hundreds digit of 31241?
2
What is the thousands digit of 1346?
1
What is the tens digit of 12224?
2
What is the thousands digit of 1599?
1
What is the units digit of 672?
2
What is the hundreds digit of 8216?
2
What is the tens digit of 103599?
9
What is the units digit of 3110?
0
What is the thousands digit of 1084?
1
What is the thousands digit of 2508?
2
What is the hundreds digit of 14292?
2
What is the units digit of 2817?
7
What is the hundreds digit of 35937?
9
What is the units digit of 897?
7
What is the tens digit of 29422?
2
What is the tens digit of 51960?
6
What is the thousands digit of 4277?
4
What is the thousands digit of 5491?
5
What is the thousands digit of 9438?
9
What is the tens digit of 38599?
9
What is the hundreds digit of 18864?
8
What is the hundreds digit of 6215?
2
What is the tens digit of 1885?
8
What is the thousands digit of 1213?
1
What is the tens digit of 498?
9
What is the hundreds digit of 2186?
1
What is the thousands digit of 50316?
0
What is the thousands digit of 61452?
1
What is the thousands digit of 9484?
9
What is the tens digit of 2453?
5
What is the hundreds digit of 2983?
9
What is the hundreds digit of 5029?
0
What is the units digit of 2822?
2
What is the tens digit of 64975?
7
What is the tens digit of 473?
7
What is the units digit of 26787?
7
What is the thousands digit of 1527?
1
What is the units digit of 7239?
9
What is the tens digit of 39140?
4
What is the units digit of 448?
8
What is the tens digit of 3971?
7
What is the units digit of 6231?
1
What is the units digit of 5703?
3
What is the thousands digit of 3102?
3
What is